nd 198102.
274
Calculate the greatest common divisor of 9024 and 15876741.
141
What is the highest common factor of 9881 and 10250?
41
Calculate the highest common divisor of 53633880 and 1800.
360
What is the greatest common divisor of 128430 and 6930?
90
What is the greatest common factor of 99083336 and 74888?
3256
What is the highest common factor of 279910 and 1808462?
2434
What is the greatest common factor of 130 and 1703546?
26
Calculate the greatest common factor of 112825295 and 5.
5
Calculate the highest common factor of 43979713 and 77246.
2971
Calculate the highest common factor of 881274 and 2254182.
1146
What is the highest common divisor of 16 and 4437384?
8
Calculate the greatest common factor of 12883 and 38415.
13
What is the greatest common factor of 211 and 30039859?
211
What is the greatest common divisor of 4370 and 7154564?
874
What is the greatest common factor of 10387 and 5076047?
799
Calculate the highest common factor of 2807659 and 9.
1
What is the highest common divisor of 10 and 36943930?
10
What is the greatest common factor of 957 and 9719611?
319
Calculate the highest common divisor of 1914738224 and 142.
142
What is the highest common factor of 12602108 and 2454?
818
Calculate the greatest common factor of 24 and 712014.
6
What is the greatest common divisor of 108 and 3498822?
54
What is the highest common factor of 135 and 160592490?
135
Calculate the greatest common factor of 51531 and 806073.
267
Calculate the highest common divisor of 4045 and 5139577.
809
What is the greatest common factor of 1174595 and 209935?
1735
What is the greatest common factor of 378143370 and 30?
30
What is the greatest common factor of 15363 and 7454469?
1707
What is the highest common divisor of 2407091 and 295507?
2869
What is the highest common divisor of 478988425 and 2425?
2425
What is the greatest common factor of 91324 and 125452?
316
What is the highest common divisor of 2692 and 53951718?
1346
What is the highest common factor of 27770880 and 1808?
1808
Calculate the highest common divisor of 384 and 3012.
12
What is the highest common factor of 45 and 3218700?
15
What is the highest common divisor of 1443680 and 9600?
160
Calculate the greatest common divisor of 89596449 and 9.
9
Calculate the highest common divisor of 10489 and 2454018.
17
What is the highest common factor of 8 and 926284?
4
What is the highest common factor of 241890 and 45936?
66
What is the greatest common factor of 483 and 21791511?
483
What is the highest common factor of 81152174 and 470?
94
What is the greatest common divisor of 55305 and 2462265?
45
What is the greatest common divisor of 27984 and 7986?
66
What is the highest common divisor of 9711090 and 8100?
810
What is the greatest common divisor of 10020 and 857902380?
10020
What is the highest common factor of 2177 and 2523158239?
2177
Calculate the greatest common factor of 182 and 39012106.
14
Calculate the greatest common factor of 3 and 1492763.
1
Calculate the highest common factor of 7525 and 264425.
175
Calculate the highest common divisor of 875144 and 95227.
787
What is the highest common divisor of 22099 and 5071?
11
What is the highest common divisor of 87171 and 2597?
49
What is the greatest common factor of 2090 and 25732460?
190
Calculate the greatest common factor of 247 and 14051336.
247
What is the greatest common divisor of 2552 and 8553347?
319
What is the highest common factor of 292904 and 11288366?
3854
Calculate the greatest common factor of 1754004 and 45087.
399
Calculate the highest common factor of 9476 and 2712505.
2369
Calculate the highest common factor of 109 and 169595171.
109
Calculate the greatest common divisor of 15608508 and 48.
12
What is the greatest common factor of 1158 and 47106282?
1158
Calculate the highest common divisor of 2727 and 10668681.
9
Calculate the highest common divisor of 2478 and 77350.
14
What is the greatest common divisor of 3199 and 145201?
7
What is the highest common divisor of 934142 and 583?
11
Calculate the greatest common divisor of 2197 and 16679.
13
Calculate the highest common divisor of 605 and 2461503.
121
Calculate the highest common factor of 17186125 and 55.
55
What is the highest common divisor of 903 and 8015?
7
Calculate the highest common factor of 2592 and 187970868.
324
Calculate the greatest common divisor of 65468088 and 1080.
216
What is the greatest common divisor of 255837 and 58315?
107
What is the greatest common factor of 5481 and 61086963?
609
What is the highest common factor of 1200 and 144317568?
48
Calculate the highest common factor of 80 and 1048430.
10
Calculate the greatest common divisor of 161553392 and 56.
56
Calculate the highest common factor of 23530635 and 30.
15
Calculate the highest common divisor of 1458 and 720306.
54
What is the highest common divisor of 1952 and 4937584?
976
What is the greatest common divisor of 4 and 11985286?
2
Calculate the greatest common factor of 6581935 and 30070.
485
Calculate the highest common factor of 3209129 and 953288.
4109
Calculate the highest common divisor of 171596737 and 13.
13
What is the greatest common factor of 30 and 859188495?
15
What is the greatest common factor of 1509966 and 36?
18
Calculate the greatest common factor of 107 and 43913.
1
What is the greatest common factor of 217911 and 39?
3
Calculate the greatest common divisor of 594 and 4719429.
99
What is the highest common divisor of 8 and 3132656?
8
What is the greatest common factor of 128025315 and 275?
55
What is the highest common factor of 273 and 25885314?
273
What is the highest common factor of 13218 and 730?
2
What is the highest common divisor of 4053 and 932785791?
4053
What is the highest common divisor of 2415 and 43691214?
483
Calculate the highest common divisor of 497 and 1336978706.
497
What is the highest common factor of 81529 and 21147?
133
Calculate the greatest common factor of 5700 and 4523292.
228
What is the highest common divisor of 1668082 and 26?
26
What is the highest common divisor of 53784467 and 4?
1
Calculate the highest common divisor of 35613589 and 782.
17
What is the highest common factor of 33 and 412517369?
11
What is the greatest common divisor of 132517206 and 36?
18
Calculate the greatest common divisor of 23 and 6908372.
23
What is the greatest common factor of 27100 and 26116270?
2710
What is the greatest common factor of 885 and 148741655?
295
What is the highest common factor of 1281 and 19793341?
61
Calculate the greatest common divisor of 8507308 and 4.
4
What is the greatest common factor of 175 and 239341550?
175
What is the greatest common factor of 1232 and 94083?
11
Calculate the highest common divisor of 187399 and 5963.
67
What is the greatest common factor of 79754717 and 287?
287
Calculate the greatest common factor of 165 and 161542480.
55
What is the highest common divisor of 150898004 and 12?
4
What is the greatest common divisor of 1 and 82996826?
1
What is the highest common divisor of 55 and 18687545?
5
Calculate the greatest common divisor of 9000 and 16284500.
500
What is the highest common divisor of 15556 and 37156?
4
What is the greatest common factor of 913492966 and 254?
254
What is the greatest common divisor of 128696220 and 10100?
2020
What is the greatest common factor of 29474135 and 57620?
215
Calculate the greatest common factor of 766797 and 184.
23
What is the greatest common factor of 5049 and 263744613?
5049
Calculate the greatest common factor of 124 and 808789504.
124
Calculate the greatest common factor of 8 and 17089732.
4
Calculate the highest common factor of 11620020 and 1520.
380
Calculate the highest common factor of 25389 and 4076748.
3627
Calculate the highest common divisor of 1258 and 41505194.
1258
What is the greatest common divisor of 4084644 and 732?
12
Calculate the highest common factor of 961984002 and 434.
434
What is the greatest common divisor of 79 and 35243085?
79
Calculate the greatest common factor of 21261 and 10445865.
1119
Calculate the greatest common factor of 91728 and 2062872.
504
What is the greatest common factor of 11295530 and 2010?
670
Calculate the highest common factor of 24931400 and 2899.
2899
What is the greatest common factor of 2773 and 12939